der when 1132003224 is divided by 17?
16
Calculate the remainder when 19921395 is divided by 145.
135
Calculate the remainder when 191949 is divided by 406.
317
Calculate the remainder when 178091 is divided by 612.
611
Calculate the remainder when 18163855 is divided by 93628.
23
What is the remainder when 47006 is divided by 3467?
1935
Calculate the remainder when 289976 is divided by 96014.
1934
Calculate the remainder when 146143549 is divided by 1189.
1181
What is the remainder when 14148 is divided by 6481?
1186
What is the remainder when 258128 is divided by 12553?
7068
What is the remainder when 88036 is divided by 29269?
229
What is the remainder when 5689444 is divided by 9?
4
Calculate the remainder when 5385302 is divided by 4040.
4022
What is the remainder when 1799557 is divided by 85693?
4
What is the remainder when 712598 is divided by 3563?
3561
Calculate the remainder when 605019 is divided by 37813.
11
Calculate the remainder when 80953 is divided by 7329.
334
What is the remainder when 118342190 is divided by 353?
352
Calculate the remainder when 1017550 is divided by 508749.
52
Calculate the remainder when 8815515 is divided by 7214.
7
Calculate the remainder when 5216887 is divided by 204.
199
What is the remainder when 4859060 is divided by 3220?
80
Calculate the remainder when 49039 is divided by 5086.
3265
What is the remainder when 179871 is divided by 1183?
55
Calculate the remainder when 4409243 is divided by 367436.
11
Calculate the remainder when 118110 is divided by 1081.
281
What is the remainder when 15008 is divided by 14602?
406
Calculate the remainder when 3524782 is divided by 2005.
1997
What is the remainder when 33803 is divided by 14813?
4177
Calculate the remainder when 14361121 is divided by 6153.
19
What is the remainder when 2700662 is divided by 25?
12
Calculate the remainder when 1896788 is divided by 311.
310
What is the remainder when 236174958 is divided by 112?
110
What is the remainder when 2718890 is divided by 453148?
2
What is the remainder when 59474 is divided by 273?
233
Calculate the remainder when 2258793 is divided by 138.
9
Calculate the remainder when 25633 is divided by 9114.
7405
What is the remainder when 4293517 is divided by 1073376?
13
Calculate the remainder when 119614 is divided by 29851.
210
What is the remainder when 5177528 is divided by 1568?
1560
What is the remainder when 45542 is divided by 14954?
680
Calculate the remainder when 4578880 is divided by 17.
15
What is the remainder when 3182367 is divided by 74?
71
What is the remainder when 935129 is divided by 7541?
45
What is the remainder when 83229 is divided by 29?
28
Calculate the remainder when 743463 is divided by 77.
28
What is the remainder when 1340214 is divided by 55842?
6
Calculate the remainder when 2653919 is divided by 5732.
3
What is the remainder when 231631 is divided by 3821?
2371
What is the remainder when 8890 is divided by 154?
112
Calculate the remainder when 6804230 is divided by 774.
770
Calculate the remainder when 18288130 is divided by 4795.
0
What is the remainder when 1698755 is divided by 1570?
15
Calculate the remainder when 979701 is divided by 88.
85
Calculate the remainder when 36433 is divided by 344.
313
Calculate the remainder when 18786 is divided by 8601.
1584
What is the remainder when 3420856 is divided by 640?
56
Calculate the remainder when 25694 is divided by 1226.
1174
What is the remainder when 2903532 is divided by 11?
5
Calculate the remainder when 72800035 is divided by 187.
0
Calculate the remainder when 1453110 is divided by 5718.
738
What is the remainder when 11968980 is divided by 11968970?
10
What is the remainder when 88339 is divided by 4413?
79
What is the remainder when 125067 is divided by 31259?
31
What is the remainder when 13398855 is divided by 123?
96
What is the remainder when 77451259 is divided by 1152?
1147
What is the remainder when 13497165 is divided by 174?
159
What is the remainder when 448827 is divided by 89718?
237
Calculate the remainder when 17166539 is divided by 715272.
11
Calculate the remainder when 23702 is divided by 4701.
197
What is the remainder when 1021831 is divided by 121?
107
Calculate the remainder when 46952 is divided by 3127.
47
What is the remainder when 221462 is divided by 44071?
1107
Calculate the remainder when 1057350 is divided by 3253.
125
Calculate the remainder when 1015363 is divided by 2271.
226
What is the remainder when 78881 is divided by 105?
26
Calculate the remainder when 2072892 is divided by 7003.
4
What is the remainder when 552496 is divided by 2762?
96
What is the remainder when 907 is divided by 3?
1
Calculate the remainder when 1486493 is divided by 511.
505
What is the remainder when 44035387 is divided by 790?
787
What is the remainder when 35259900 is divided by 50?
0
Calculate the remainder when 9612 is divided by 169.
148
Calculate the remainder when 102157443 is divided by 34052481.
0
What is the remainder when 90111 is divided by 625?
111
What is the remainder when 103962 is divided by 217?
19
Calculate the remainder when 626701 is divided by 44.
9
Calculate the remainder when 11968010 is divided by 27200.
10
Calculate the remainder when 7457215 is divided by 25.
15
Calculate the remainder when 265078 is divided by 3732.
106
Calculate the remainder when 1422500 is divided by 534.
458
What is the remainder when 17353431 is divided by 1842?
1791
Calculate the remainder when 6201872674 is divided by 18.
16
What is the remainder when 34719384 is divided by 152?
0
Calculate the remainder when 4831201 is divided by 483120.
1
Calculate the remainder when 256586 is divided by 528.
506
Calculate the remainder when 15496095 is divided by 7.
6
Calculate the remainder when 8996880 is divided by 47352.
0
What is the remainder when 461777777 is divided by 13629?
13628
Calculate the remainder when 2548132 is divided by 849281.
289
What is the remainder when 314866 is divided by 114?
112
Calculate the remainder when 354814 is divided by 17739.
34
Calculate the remainder when 282962 is divided by 141459.
44
Calculate the remainder when 214349 is divided by 107172.
5
Calculate the remainder when 2426467 is divided by 223.
4
Calculate the remainder when 6135260 is divided by 143.
131
Calculate the remainder when 549928 is divided by 1346.
760
Calculate the remainder when 32749 is divided by 1798.
385
What is the remainder when 12907737 is divided by 76377?
24
Calculate the remainder when 5308616 is divided by 573.
344
What is the remainder when 65799047 is divided by 11?
6
Calculate the remainder when 9760085 is divided by 142.
141
Calculate the remainder when 20173436 is divided by 46.
44
Calculate the remainder when 3226175 is divided by 322599.
185
What is the remainder when 194092 is divided by 63691?
3019
Calculate the remainder when 2880876215 is divided by 3154.
3153
What is the remainder when 53327578 is divided by 10665514?
8
What is the remainder when 4850935 is divided by 214?
197
Calculate the remainder when 94654184 is divided by 3.
2
Calculate the remainder when 287968 is divided by 290.
288
What is the remainder when 5397810 is divided by 52919?
72
What is the remainder when 62719 is divided by 1029?
979
Calculate the remainder when 1832479 is divided by 458054.
263
What is the remainder when 23102301 is divided by 1104?
1101
What is the remainder when 24220621 is divided by 569?
567
Calculate the remainder when 1764370 is divided by 176432.
50
Calculate the remainder when 9327888 is divided by 21.
3
Calculate the remainder when 1481219 is divided by 25985.
74
What is the remainder when 287292 is divided by 1496?
60
Calculate the remainder when 10667245 is divided by 1777866.
49
Calculate the remainder when 235624753 is divided by 201045.
13
What is the remainder when 213087 is divided by 14204?
27
Calculate the remainder when 5150437 is divided by 2409.
2404
What is the remainder when 97250 is divided by 32411?
17
What is the remainder when 256120 is divided by 31994?
168
What is the remainder when 74342 is divided by 23524?
3770
Calculate the remainder when 4812619 is divided by 212.
7
Calculate the remainder when 25685 is divided by 453.
317
Calculate the remainder when 2193844 is div